  {"id":253765,"date":"2021-05-20T14:05:39","date_gmt":"2021-05-20T18:05:39","guid":{"rendered":"https:\/\/www.un.org\/unispal\/?post_type=document&#038;p=253765"},"modified":"2021-06-08T14:11:00","modified_gmt":"2021-06-08T18:11:00","slug":"sesion-del-pleno-de-la-asamblea-general-sobre-la-situacion-en-oriente-medio-la-cuestion-de-palestina-declaracion-de-embajador-cheikh-niang-presidente-de-la-comision-de-derechos-inalienables-del-p","status":"publish","type":"document","link":"https:\/\/www.un.org\/unispal\/document\/sesion-del-pleno-de-la-asamblea-general-sobre-la-situacion-en-oriente-medio-la-cuestion-de-palestina-declaracion-de-embajador-cheikh-niang-presidente-de-la-comision-de-derechos-inalienables-del-p\/","title":{"rendered":"SESI\u00d3N DEL PLENO DE LA ASAMBLEA GENERAL SOBRE LA SITUACI\u00d3N EN ORIENTE MEDIO &#8211; LA CUESTI\u00d3N DE PALESTINA &#8211; DECLARACI\u00d3N DE EMBAJADOR CHEIKH NIANG, PRESIDENTE DE LA COMISI\u00d3N DE DERECHOS INALIENABLES DEL PUEBLO PALESTINO"},"content":{"rendered":"","protected":false},"excerpt":{"rendered":"","protected":false},"author":172,"featured_media":0,"parent":0,"template":"template-page.php","meta":{"footnotes":""},"country":[],"document-category":[1338],"document-source":[1753,1365],"committee-meeting":[],"document-subject":[2517,1769,1829,2265,2033,2005,1801,2613,2349,1813,1749,1797,1745,6245],"entity":[1729],"document-language":[6538],"class_list":["post-253765","document","type-document","status-publish","hentry","document-category-statement","document-source-ceirpp","document-source-general-assembly","document-subject-access-and-movement","document-subject-armed-conflict","document-subject-casualties","document-subject-ceasefire","document-subject-children","document-subject-gaza-strip","document-subject-inalienable-rights-of-the-palestinian-people","document-subject-internally-displaced-persons","document-subject-living-conditions","document-subject-middle-east-situation","document-subject-palestine-question","document-subject-peace-process","document-subject-refugees-and-displaced-persons","document-subject-violence","entity-united-nations-system","document-language-spanish"],"_links":{"self":[{"href":"https:\/\/www.un.org\/unispal\/wp-json\/wp\/v2\/document\/253765","targetHints":{"allow":["GET"]}}],"collection":[{"href":"https:\/\/www.un.org\/unispal\/wp-json\/wp\/v2\/document"}],"about":[{"href":"https:\/\/www.un.org\/unispal\/wp-json\/wp\/v2\/types\/document"}],"author":[{"embeddable":true,"href":"https:\/\/www.un.org\/unispal\/wp-json\/wp\/v2\/users\/172"}],"version-history":[{"count":0,"href":"https:\/\/www.un.org\/unispal\/wp-json\/wp\/v2\/document\/253765\/revisions"}],"wp:attachment":[{"href":"https:\/\/www.un.org\/unispal\/wp-json\/wp\/v2\/media?parent=253765"}],"wp:term":[{"taxonomy":"country","embeddable":true,"href":"https:\/\/www.un.org\/unispal\/wp-json\/wp\/v2\/country?post=253765"},{"taxonomy":"document-category","embeddable":true,"href":"https:\/\/www.un.org\/unispal\/wp-json\/wp\/v2\/document-category?post=253765"},{"taxonomy":"document-source","embeddable":true,"href":"https:\/\/www.un.org\/unispal\/wp-json\/wp\/v2\/document-source?post=253765"},{"taxonomy":"committee-meeting","embeddable":true,"href":"https:\/\/www.un.org\/unispal\/wp-json\/wp\/v2\/committee-meeting?post=253765"},{"taxonomy":"document-subject","embeddable":true,"href":"https:\/\/www.un.org\/unispal\/wp-json\/wp\/v2\/document-subject?post=253765"},{"taxonomy":"entity","embeddable":true,"href":"https:\/\/www.un.org\/unispal\/wp-json\/wp\/v2\/entity?post=253765"},{"taxonomy":"document-language","embeddable":true,"href":"https:\/\/www.un.org\/unispal\/wp-json\/wp\/v2\/document-language?post=253765"}],"curies":[{"name":"wp","href":"https:\/\/api.w.org\/{rel}","templated":true}]}}

SESIÓN DEL PLENO DE LA ASAMBLEA GENERAL SOBRE LA SITUACIÓN EN ORIENTE MEDIO &#8211; LA CUESTIÓN DE PALESTINA &#8211; DECLARACIÓN DE EMBAJADOR CHEIKH NIANG, PRESIDENTE DE LA COMISIÓN DE DERECHOS INALIENABLES DEL PUEBLO PALESTINO
