  {"id":6584,"date":"2016-08-01T20:27:23","date_gmt":"2016-08-01T20:27:23","guid":{"rendered":"https:\/\/www.un.org\/unispal\/?page_id=6584"},"modified":"2017-08-22T18:58:54","modified_gmt":"2017-08-22T18:58:54","slug":"working-group","status":"publish","type":"page","link":"https:\/\/www.un.org\/unispal\/fr\/about-unispal\/committee\/working-group\/","title":{"rendered":"Groupe de travail"},"content":{"rendered":"<div class=\"fusion-fullwidth fullwidth-box fusion-builder-row-1 fusion-flex-container nonhundred-percent-fullwidth non-hundred-percent-height-scrolling\" style=\"--awb-background-position:left top;--awb-border-radius-top-left:0px;--awb-border-radius-top-right:0px;--awb-border-radius-bottom-right:0px;--awb-border-radius-bottom-left:0px;--awb-padding-top:20px;--awb-padding-bottom:20px;--awb-border-sizes-top:0px;--awb-border-sizes-bottom:0px;--awb-flex-wrap:wrap;\" ><div class=\"fusion-builder-row fusion-row fusion-flex-align-items-flex-start fusion-flex-content-wrap\" style=\"max-width:1372.8px;margin-left: calc(-4% \/ 2 );margin-right: calc(-4% \/ 2 );\"><div class=\"fusion-layout-column fusion_builder_column fusion-builder-column-0 fusion_builder_column_3_4 3_4 fusion-flex-column\" style=\"--awb-bg-size:cover;--awb-width-large:75%;--awb-margin-top-large:0px;--awb-spacing-right-large:3.84%;--awb-margin-bottom-large:20px;--awb-spacing-left-large:2.56%;--awb-width-medium:75%;--awb-spacing-right-medium:3.84%;--awb-spacing-left-medium:2.56%;--awb-width-small:100%;--awb-spacing-right-small:1.92%;--awb-spacing-left-small:1.92%;\"><div class=\"fusion-column-wrapper fusion-flex-justify-content-flex-start fusion-content-layout-column\"><div class=\"fusion-text fusion-text-1\"><h2 style=\"margin-top: 0px !important\">Le Groupe de travail et la soci\u00e9t\u00e9 civile<\/h2>\n<p>Le Comit\u00e9 pour l&rsquo;exercice des droits inali\u00e9nables du peuple palestinien consacre une part essentielle de ses travaux \u00e0 \u00e9tablir des liens avec la soci\u00e9t\u00e9 civile. L&rsquo;Assembl\u00e9e g\u00e9n\u00e9rale l\u2019a pri\u00e9 de \u00ab\u00a0continuer \u00e0 offrir coop\u00e9ration et soutien aux organisations palestiniennes et autres organisations de la soci\u00e9t\u00e9 civile afin de mobiliser la solidarit\u00e9 et l&rsquo;appui de la communaut\u00e9 internationale en faveur du peuple palestinien\u00a0\u00bb. Le Groupe de travail du Comit\u00e9 a \u00e9t\u00e9 reconstitu\u00e9 en 2013 afin de r\u00e9aliser cet objectif.<\/p>\n<p>Tous les membres et observateurs du Comit\u00e9 sont repr\u00e9sent\u00e9s au sein du Groupe de travail, pr\u00e9sid\u00e9 par Malte. Aux termes de son mandat officiel, le r\u00f4le du Groupe de travail r\u00e9activ\u00e9 est d&rsquo;exploiter le potentiel offert par les organisations de la soci\u00e9t\u00e9 civile pour permettre au peuple palestinien d&rsquo;exercer ses droits inali\u00e9nables. Un r\u00e9seau de quelque 1 000 organisations de la soci\u00e9t\u00e9 civile du monde entier a \u00e9t\u00e9 mis en place, qui comprend des associations de d\u00e9fense, des organisations humanitaires, des groupes confessionnels, des associations caritatives, des groupes de femmes et des \u00e9tablissements universitaires ou de recherche.<\/p>\n<p>Les organisations de la soci\u00e9t\u00e9 civile peuvent soumettre une demande d&rsquo;accr\u00e9ditation aupr\u00e8s du Comit\u00e9. Le Groupe de travail re\u00e7oit et examine ces demandes. Les organisations accr\u00e9dit\u00e9es doivent r\u00e9pondre \u00e0 trois crit\u00e8res : a) \u00eatre une organisation \u00e0 but non lucratif reconnue; b) souscrire \u00e0 la Charte des Nations Unies, aux principes du droit international et \u00e0 l\u2019objectif de la r\u00e9alisation des droits inali\u00e9nables du peuple palestinien; c) avoir mis en place, ou entendre s\u00e9rieusement le faire, des programmes concrets \u00e0 l\u2019appui de la r\u00e9alisation des droits inali\u00e9nables du peuple palestinien. Les organisations de la soci\u00e9t\u00e9 civile qui estiment ne pas pouvoir satisfaire aux crit\u00e8res d&rsquo;accr\u00e9ditation peuvent demander le statut d&rsquo;observateur.<\/p>\n<p>Le Groupe de travail permet aux organisations de la soci\u00e9t\u00e9 civile accr\u00e9dit\u00e9es et \u00e0 celles ayant le statut d&rsquo;observateur de se concerter avec la communaut\u00e9 diplomatique, de collaborer avec d&rsquo;autres organisations de la soci\u00e9t\u00e9 civile et d&rsquo;\u00e9clairer et d&rsquo;informer l&rsquo;opinion publique mondiale. Le Groupe de travail organise \u00e0 l&rsquo;ONU des r\u00e9unions d&rsquo;information p\u00e9riodiques tenues par les organisations de la soci\u00e9t\u00e9 civile. Les organisations de la soci\u00e9t\u00e9 civile accr\u00e9dit\u00e9es sont r\u00e9guli\u00e8rement invit\u00e9es \u00e0 participer aux r\u00e9unions et conf\u00e9rences internationales organis\u00e9es par le Comit\u00e9.<\/p>\n<\/div><\/div><\/div><div class=\"fusion-layout-column fusion_builder_column fusion-builder-column-1 fusion_builder_column_1_4 1_4 fusion-flex-column\" style=\"--awb-bg-size:cover;--awb-width-large:25%;--awb-margin-top-large:0px;--awb-spacing-right-large:7.68%;--awb-margin-bottom-large:20px;--awb-spacing-left-large:3.84%;--awb-width-medium:25%;--awb-spacing-right-medium:7.68%;--awb-spacing-left-medium:3.84%;--awb-width-small:100%;--awb-spacing-right-small:1.92%;--awb-spacing-left-small:1.92%;\"><div class=\"fusion-column-wrapper fusion-flex-justify-content-flex-start fusion-content-layout-column\"><div class=\"fusion-widget-area awb-widget-area-element fusion-widget-area-1 fusion-content-widget-area\" style=\"--awb-title-size:13px;--awb-title-color:#333333;--awb-padding:0px 0px 0px 0px;\"><div id=\"wp_views-3\" class=\"widget widget_wp_views\">\n\n\n<div id=\"wpv-view-layout-9925-TCPID6584\" class=\"js-wpv-view-layout js-wpv-layout-responsive js-wpv-view-layout-9925-TCPID6584\" data-viewnumber=\"9925-TCPID6584\" data-pagination=\"{&quot;id&quot;:&quot;9925&quot;,&quot;query&quot;:&quot;normal&quot;,&quot;type&quot;:&quot;disabled&quot;,&quot;effect&quot;:&quot;fade&quot;,&quot;duration&quot;:500,&quot;speed&quot;:5,&quot;pause_on_hover&quot;:&quot;disabled&quot;,&quot;stop_rollover&quot;:&quot;false&quot;,&quot;cache_pages&quot;:&quot;enabled&quot;,&quot;preload_images&quot;:&quot;enabled&quot;,&quot;preload_pages&quot;:&quot;enabled&quot;,&quot;preload_reach&quot;:1,&quot;spinner&quot;:&quot;builtin&quot;,&quot;spinner_image&quot;:&quot;https:\/\/www.un.org\/unispal\/fr\/wp-content\/plugins\/wp-views\/embedded\/res\/img\/ajax-loader.gif&quot;,&quot;callback_next&quot;:&quot;&quot;,&quot;manage_history&quot;:&quot;enabled&quot;,&quot;has_controls_in_form&quot;:&quot;disabled&quot;,&quot;infinite_tolerance&quot;:&quot;0&quot;,&quot;max_pages&quot;:0,&quot;page&quot;:1,&quot;base_permalink&quot;:&quot;\/unispal\/fr\/wp-json\/wp\/v2\/pages\/6584?wpv_view_count=9925-TCPID6584&amp;wpv_paged=WPV_PAGE_NUM&quot;,&quot;loop&quot;:{&quot;type&quot;:&quot;&quot;,&quot;name&quot;:&quot;&quot;,&quot;data&quot;:[],&quot;id&quot;:0}}\" data-permalink=\"\/unispal\/fr\/wp-json\/wp\/v2\/pages\/6584?wpv_view_count=9925-TCPID6584\">\n\n\t\n<!-- wpv-loop-start -->\n<div id=\"side-list\">\n\t<ul class=\"wpv-loop js-wpv-loop\">\n\t\t\n\t\t\t<li>\n\t\t\t\t<a href=\"https:\/\/www.un.org\/unispal\/fr\/about-unispal\/committee\/membership\/\">Membres<\/a>\n\t\t\t<\/li>\n\t\t\n\t\t\t<li>\n\t\t\t\t<a href=\"https:\/\/www.un.org\/unispal\/fr\/about-unispal\/committee\/bureau\/\">Bureau<\/a>\n\t\t\t<\/li>\n\t\t\n\t\t\t<li>\n\t\t\t\t<a href=\"https:\/\/www.un.org\/unispal\/fr\/about-unispal\/committee\/mandate-and-objectives\/\">Mandat et objectifs<\/a>\n\t\t\t<\/li>\n\t\t\n\t\t\t<li>\n\t\t\t\t<a href=\"https:\/\/www.un.org\/unispal\/fr\/about-unispal\/committee\/areas-of-activities\/\">Domaines d\u2019activit\u00e9s<\/a>\n\t\t\t<\/li>\n\t\t\n\t\t\t<li>\n\t\t\t\t<a href=\"https:\/\/www.un.org\/unispal\/fr\/about-unispal\/committee\/programme-of-work\/\">Programme de Travail<\/a>\n\t\t\t<\/li>\n\t\t\n\t\t\t<li>\n\t\t\t\t<a href=\"https:\/\/www.un.org\/unispal\/fr\/about-unispal\/committee\/reports-of-the-committee-on-the-exercise-of-the-inalienable-rights-of-the-palestinian-people\/\">Rapports du Comit\u00e9 pour l\u2019exercice des droits inali\u00e9nables du peuple palestinien<\/a>\n\t\t\t<\/li>\n\t\t\n\t\t\t<li>\n\t\t\t\t<a href=\"https:\/\/www.un.org\/unispal\/fr\/about-unispal\/committee\/chair-statements\/\">D\u00e9clarations du Pr\u00e9sident du Comit\u00e9<\/a>\n\t\t\t<\/li>\n\t\t\n\t\t\t<li>\n\t\t\t\t<a href=\"https:\/\/www.un.org\/unispal\/fr\/about-unispal\/committee\/ceirpp-newsletters\/\">Bulletins du Comit\u00e9<\/a>\n\t\t\t<\/li>\n\t\t\n  <\/ul><\/div>\n\t<!-- wpv-loop-end -->\n\t\n\t\n<\/div>\n<\/div><div class=\"fusion-additional-widget-content\"><\/div><\/div><\/div><\/div><\/div><\/div>\n","protected":false},"excerpt":{"rendered":"","protected":false},"author":3,"featured_media":0,"parent":159,"menu_order":0,"comment_status":"closed","ping_status":"closed","template":"","meta":{"footnotes":""},"class_list":["post-6584","page","type-page","status-publish","hentry"],"_links":{"self":[{"href":"https:\/\/www.un.org\/unispal\/fr\/wp-json\/wp\/v2\/pages\/6584","targetHints":{"allow":["GET"]}}],"collection":[{"href":"https:\/\/www.un.org\/unispal\/fr\/wp-json\/wp\/v2\/pages"}],"about":[{"href":"https:\/\/www.un.org\/unispal\/fr\/wp-json\/wp\/v2\/types\/page"}],"author":[{"embeddable":true,"href":"https:\/\/www.un.org\/unispal\/fr\/wp-json\/wp\/v2\/users\/3"}],"replies":[{"embeddable":true,"href":"https:\/\/www.un.org\/unispal\/fr\/wp-json\/wp\/v2\/comments?post=6584"}],"version-history":[{"count":0,"href":"https:\/\/www.un.org\/unispal\/fr\/wp-json\/wp\/v2\/pages\/6584\/revisions"}],"up":[{"embeddable":true,"href":"https:\/\/www.un.org\/unispal\/fr\/wp-json\/wp\/v2\/pages\/159"}],"wp:attachment":[{"href":"https:\/\/www.un.org\/unispal\/fr\/wp-json\/wp\/v2\/media?parent=6584"}],"curies":[{"name":"wp","href":"https:\/\/api.w.org\/{rel}","templated":true}]}}

<div class="fusion-fullwidth fullwidth-box fusion-builder-row-1 fusion-flex-container nonhundred-percent-fullwidth non-hundred-percent-height-scrolling" style="--awb-background-position:left top;--awb-border-radius-top-left:0px;--awb-border-radius-top-right:0px;--awb-border-radius-bottom-right:0px;--awb-border-radius-bottom-left:0px;--awb-padding-top:20px;--awb-padding-bottom:20px;--awb-border-sizes-top:0px;--awb-border-sizes-bottom:0px;--awb-flex-wrap:wrap;" ><div class="fusion-builder-row fusion-row fusion-flex-align-items-flex-start fusion-flex-content-wrap" style="max-width:1372.8px;margin-left: calc(-4% / 2 );margin-right: calc(-4% / 2 );"><div class="fusion-layout-column fusion_builder_column fusion-builder-column-0 fusion_builder_column_3_4 3_4 fusion-flex-column" style="--awb-bg-size:cover;--awb-width-large:75%;--awb-margin-top-large:0px;--awb-spacing-right-large:3.84%;--awb-margin-bottom-large:20px;--awb-spacing-left-large:2.56%;--awb-width-medium:75%;--awb-spacing-right-medium:3.84%;--awb-spacing-left-medium:2.56%;--awb-width-small:100%;--awb-spacing-right-small:1.92%;--awb-spacing-left-small:1.92%;"><div class="fusion-column-wrapper fusion-flex-justify-content-flex-start fusion-content-layout-column"><div class="fusion-text fusion-text-1"><h2 style="margin-top: 0px !important">Le Groupe de travail et la société civile</h2>
<p>Le Comité pour l&rsquo;exercice des droits inaliénables du peuple palestinien consacre une part essentielle de ses travaux à établir des liens avec la société civile. L&rsquo;Assemblée générale l’a prié de « continuer à offrir coopération et soutien aux organisations palestiniennes et autres organisations de la société civile afin de mobiliser la solidarité et l&rsquo;appui de la communauté internationale en faveur du peuple palestinien ». Le Groupe de travail du Comité a été reconstitué en 2013 afin de réaliser cet objectif.</p>
<p>Tous les membres et observateurs du Comité sont représentés au sein du Groupe de travail, présidé par Malte. Aux termes de son mandat officiel, le rôle du Groupe de travail réactivé est d&rsquo;exploiter le potentiel offert par les organisations de la société civile pour permettre au peuple palestinien d&rsquo;exercer ses droits inaliénables. Un réseau de quelque 1 000 organisations de la société civile du monde entier a été mis en place, qui comprend des associations de défense, des organisations humanitaires, des groupes confessionnels, des associations caritatives, des groupes de femmes et des établissements universitaires ou de recherche.</p>
<p>Les organisations de la société civile peuvent soumettre une demande d&rsquo;accréditation auprès du Comité. Le Groupe de travail reçoit et examine ces demandes. Les organisations accréditées doivent répondre à trois critères : a) être une organisation à but non lucratif reconnue; b) souscrire à la Charte des Nations Unies, aux principes du droit international et à l’objectif de la réalisation des droits inaliénables du peuple palestinien; c) avoir mis en place, ou entendre sérieusement le faire, des programmes concrets à l’appui de la réalisation des droits inaliénables du peuple palestinien. Les organisations de la société civile qui estiment ne pas pouvoir satisfaire aux critères d&rsquo;accréditation peuvent demander le statut d&rsquo;observateur.</p>
<p>Le Groupe de travail permet aux organisations de la société civile accréditées et à celles ayant le statut d&rsquo;observateur de se concerter avec la communauté diplomatique, de collaborer avec d&rsquo;autres organisations de la société civile et d&rsquo;éclairer et d&rsquo;informer l&rsquo;opinion publique mondiale. Le Groupe de travail organise à l&rsquo;ONU des réunions d&rsquo;information périodiques tenues par les organisations de la société civile. Les organisations de la société civile accréditées sont régulièrement invitées à participer aux réunions et conférences internationales organisées par le Comité.</p>
</div></div></div><div class="fusion-layout-column fusion_builder_column fusion-builder-column-1 fusion_builder_column_1_4 1_4 fusion-flex-column" style="--awb-bg-size:cover;--awb-width-large:25%;--awb-margin-top-large:0px;--awb-spacing-right-large:7.68%;--awb-margin-bottom-large:20px;--awb-spacing-left-large:3.84%;--awb-width-medium:25%;--awb-spacing-right-medium:7.68%;--awb-spacing-left-medium:3.84%;--awb-width-small:100%;--awb-spacing-right-small:1.92%;--awb-spacing-left-small:1.92%;"><div class="fusion-column-wrapper fusion-flex-justify-content-flex-start fusion-content-layout-column"><div class="fusion-widget-area awb-widget-area-element fusion-widget-area-1 fusion-content-widget-area" style="--awb-title-size:13px;--awb-title-color:#333333;--awb-padding:0px 0px 0px 0px;"><div id="wp_views-3" class="widget widget_wp_views">


<div id="wpv-view-layout-9925-TCPID6584" class="js-wpv-view-layout js-wpv-layout-responsive js-wpv-view-layout-9925-TCPID6584" data-viewnumber="9925-TCPID6584" data-pagination="{&quot;id&quot;:&quot;9925&quot;,&quot;query&quot;:&quot;normal&quot;,&quot;type&quot;:&quot;disabled&quot;,&quot;effect&quot;:&quot;fade&quot;,&quot;duration&quot;:500,&quot;speed&quot;:5,&quot;pause_on_hover&quot;:&quot;disabled&quot;,&quot;stop_rollover&quot;:&quot;false&quot;,&quot;cache_pages&quot;:&quot;enabled&quot;,&quot;preload_images&quot;:&quot;enabled&quot;,&quot;preload_pages&quot;:&quot;enabled&quot;,&quot;preload_reach&quot;:1,&quot;spinner&quot;:&quot;builtin&quot;,&quot;spinner_image&quot;:&quot;https://www.un.org/unispal/fr/wp-content/plugins/wp-views/embedded/res/img/ajax-loader.gif&quot;,&quot;callback_next&quot;:&quot;&quot;,&quot;manage_history&quot;:&quot;enabled&quot;,&quot;has_controls_in_form&quot;:&quot;disabled&quot;,&quot;infinite_tolerance&quot;:&quot;0&quot;,&quot;max_pages&quot;:0,&quot;page&quot;:1,&quot;base_permalink&quot;:&quot;/unispal/fr/wp-json/wp/v2/pages/6584?wpv_view_count=9925-TCPID6584&amp;wpv_paged=WPV_PAGE_NUM&quot;,&quot;loop&quot;:{&quot;type&quot;:&quot;&quot;,&quot;name&quot;:&quot;&quot;,&quot;data&quot;:[],&quot;id&quot;:0}}" data-permalink="/unispal/fr/wp-json/wp/v2/pages/6584?wpv_view_count=9925-TCPID6584">

	
<!-- wpv-loop-start -->
<div id="side-list">
	<ul class="wpv-loop js-wpv-loop">
		
			<li>
				<a href="https://www.un.org/unispal/fr/about-unispal/committee/membership/">Membres</a>
			</li>
		
			<li>
				<a href="https://www.un.org/unispal/fr/about-unispal/committee/bureau/">Bureau</a>
			</li>
		
			<li>
				<a href="https://www.un.org/unispal/fr/about-unispal/committee/mandate-and-objectives/">Mandat et objectifs</a>
			</li>
		
			<li>
				<a href="https://www.un.org/unispal/fr/about-unispal/committee/areas-of-activities/">Domaines d’activités</a>
			</li>
		
			<li>
				<a href="https://www.un.org/unispal/fr/about-unispal/committee/programme-of-work/">Programme de Travail</a>
			</li>
		
			<li>
				<a href="https://www.un.org/unispal/fr/about-unispal/committee/reports-of-the-committee-on-the-exercise-of-the-inalienable-rights-of-the-palestinian-people/">Rapports du Comité pour l’exercice des droits inaliénables du peuple palestinien</a>
			</li>
		
			<li>
				<a href="https://www.un.org/unispal/fr/about-unispal/committee/chair-statements/">Déclarations du Président du Comité</a>
			</li>
		
			<li>
				<a href="https://www.un.org/unispal/fr/about-unispal/committee/ceirpp-newsletters/">Bulletins du Comité</a>
			</li>
		
  </ul></div>
	<!-- wpv-loop-end -->
	
	
</div>
</div><div class="fusion-additional-widget-content"></div></div></div></div></div></div>
