  {"id":3060,"date":"2016-05-31T17:39:37","date_gmt":"2016-05-31T17:39:37","guid":{"rendered":"https:\/\/www.un.org\/unispal\/?page_id=3060"},"modified":"2021-06-22T16:25:49","modified_gmt":"2021-06-22T20:25:49","slug":"general-assembly","status":"publish","type":"page","link":"https:\/\/www.un.org\/unispal\/fr\/data-collection\/general-assembly\/","title":{"rendered":"Assembl\u00e9e g\u00e9n\u00e9rale"},"content":{"rendered":"<div class=\"fusion-fullwidth fullwidth-box fusion-builder-row-1 fusion-flex-container hundred-percent-fullwidth non-hundred-percent-height-scrolling\" style=\"--awb-border-radius-top-left:0px;--awb-border-radius-top-right:0px;--awb-border-radius-bottom-right:0px;--awb-border-radius-bottom-left:0px;--awb-overflow:visible;--awb-flex-wrap:wrap;\" ><div class=\"fusion-builder-row fusion-row fusion-flex-align-items-flex-start fusion-flex-content-wrap\" style=\"width:calc( 100% + 0px ) !important;max-width:calc( 100% + 0px ) !important;margin-left: calc(-0px \/ 2 );margin-right: calc(-0px \/ 2 );\"><div class=\"fusion-layout-column fusion_builder_column fusion-builder-column-0 fusion_builder_column_1_1 1_1 fusion-flex-column fusion-flex-align-self-flex-start fusion-column-no-min-height\" style=\"--awb-bg-size:cover;--awb-width-large:100%;--awb-margin-top-large:0px;--awb-spacing-right-large:0px;--awb-margin-bottom-large:0px;--awb-spacing-left-large:0px;--awb-width-medium:100%;--awb-spacing-right-medium:0px;--awb-spacing-left-medium:0px;--awb-width-small:100%;--awb-spacing-right-small:0px;--awb-spacing-left-small:0px;\"><div class=\"fusion-column-wrapper fusion-flex-justify-content-flex-start fusion-content-layout-column\"><div class=\"fusion-text fusion-text-1\"><h2>La question de Palestine et l&rsquo;Assembl\u00e9e g\u00e9n\u00e9rale<\/h2>\n<div id=\"attachment_5367\" style=\"width: 310px\" class=\"wp-caption alignright\"><img decoding=\"async\" aria-describedby=\"caption-attachment-5367\" class=\"wp-image-5367 size-medium\" src=\"https:\/\/www.un.org\/unispal\/wp-content\/uploads\/2016\/05\/27812-300x195.jpg\" alt=\"Empty GA Hall\" width=\"300\" height=\"195\" \/><p id=\"caption-attachment-5367\" class=\"wp-caption-text\">Salle de l&rsquo;Assembl\u00e9e g\u00e9n\u00e9rale. Photo ONU\/Sophia Paris<\/p><\/div>\n<p>Principal organe d\u00e9lib\u00e9rant de l&rsquo;ONU, l&rsquo;Assembl\u00e9e g\u00e9n\u00e9rale se compose de repr\u00e9sentants de tous les \u00c9tats Membres. Elle a \u00e9t\u00e9 saisie de la question de Palestine pour la premi\u00e8re fois en 1947. Par sa <a href=\"https:\/\/www.un.org\/unispal\/wp-content\/uploads\/2016\/04\/ARES181II.pdf\">r\u00e9solution 181 (II)<\/a>, l&rsquo;Assembl\u00e9e a d\u00e9cid\u00e9 de partager la Palestine en deux \u00c9tats, un \u00c9tat arabe et un \u00c9tat juif, et de placer J\u00e9rusalem sous un r\u00e9gime international sp\u00e9cial. Apr\u00e8s la guerre de 1948, elle a adopt\u00e9 sa <a href=\"https:\/\/www.un.org\/unispal\/wp-content\/uploads\/2016\/06\/ARES194III.pdf\">r\u00e9solution 194 (III)<\/a> de 1949 portant cr\u00e9ation de la Commission de conciliation des Nations Unies pour la Palestine afin d&rsquo;aider les parties \u00e0 parvenir \u00e0 un r\u00e8glement d\u00e9finitif, et r\u00e9affirm\u00e9 le droit des r\u00e9fugi\u00e9s palestiniens de rentrer dans leur foyer et de recouvrer leurs biens. La m\u00eame ann\u00e9e, l&rsquo;Assembl\u00e9e a cr\u00e9\u00e9 l&rsquo;Office de secours et de travaux des Nations Unies pour les r\u00e9fugi\u00e9s de Palestine dans le Proche-Orient (UNRWA), organisme charg\u00e9 de la question des r\u00e9fugi\u00e9s palestiniens.<\/p>\n<p>En 1974, la question de Palestine a \u00e9t\u00e9 r\u00e9inscrite \u00e0 l&rsquo;ordre du jour de l&rsquo;Assembl\u00e9e g\u00e9n\u00e9rale qui, dans sa <a href=\"https:\/\/undocs.org\/fr\/A\/RES\/3236%20(XXIX)\">r\u00e9solution 3236 (XXIX)<\/a>, a r\u00e9affirm\u00e9 le droit inali\u00e9nable du peuple palestinien \u00e0 l&rsquo;autod\u00e9termination, \u00e0 l&rsquo;ind\u00e9pendance et \u00e0 la souverainet\u00e9 nationales, ainsi que le droit des Palestiniens de retourner dans leurs foyers et vers leurs biens. En 1975, l\u2019Assembl\u00e9e a cr\u00e9\u00e9 le Comit\u00e9 pour l\u2019exercice des droits inali\u00e9nables du peuple palestinien. La question de Palestine et les sujets connexes ont fait l&rsquo;objet de maintes r\u00e9solutions et d\u00e9cisions adopt\u00e9es par l&rsquo;Assembl\u00e9e \u00e0 ses sessions ordinaires, \u00e0 ses sessions extraordinaires, et \u00e0 ses sessions extraordinaires d&rsquo;urgence.<\/p>\n<p>Le 29 novembre 2012, l&rsquo;Assembl\u00e9e g\u00e9n\u00e9rale a <a href=\"https:\/\/undocs.org\/fr\/A\/RES\/67\/19\">octroy\u00e9<\/a> \u00e0 la Palestine le statut d&rsquo;\u00c9tat non membre observateur aupr\u00e8s de l&rsquo;Organisation des Nations Unies. Sont notamment inscrites \u00e0 l&rsquo;ordre du jour de l&rsquo;Assembl\u00e9e et de ses organes subsidiaires, tels que le <a href=\"https:\/\/www.ohchr.org\/FR\/HRBodies\/HRC\/Pages\/Home.aspx\">Conseil des droits de l&rsquo;homme<\/a>, les questions du droit des Palestiniens \u00e0 l&rsquo;autod\u00e9termination, de leur souverainet\u00e9 sur les ressources naturelles, de l&rsquo;assistance, des r\u00e9fugi\u00e9s, des d\u00e9plac\u00e9s, de l&rsquo;UNRWA, des droits de l&rsquo;homme, des implantations isra\u00e9liennes, du r\u00e8glement pacifique de la question de Palestine, et de J\u00e9rusalem.<\/p>\n<\/div><\/div><\/div><div class=\"fusion-layout-column fusion_builder_column fusion-builder-column-1 fusion_builder_column_1_1 1_1 fusion-flex-column fusion-flex-align-self-flex-start fusion-column-no-min-height\" style=\"--awb-bg-size:cover;--awb-width-large:100%;--awb-margin-top-large:0px;--awb-spacing-right-large:0px;--awb-margin-bottom-large:0px;--awb-spacing-left-large:0px;--awb-width-medium:100%;--awb-spacing-right-medium:0px;--awb-spacing-left-medium:0px;--awb-width-small:100%;--awb-spacing-right-small:0px;--awb-spacing-left-small:0px;\"><div class=\"fusion-column-wrapper fusion-flex-justify-content-flex-start fusion-content-layout-column\"><div class=\"fusion-text fusion-text-2\"><!- Vue introuvable ->\n<p><span class=\"TextRun  BCX2 SCXW128050504\" lang=\"FR-FR\" xml:lang=\"FR-FR\" data-contrast=\"auto\"><span class=\"NormalTextRun  BCX2 SCXW128050504\">Pour obtenir les registres de vote des r\u00e9solutions de l\u2019<\/span><\/span><span class=\"TextRun  BCX2 SCXW128050504\" lang=\"FR-FR\" xml:lang=\"FR-FR\" data-contrast=\"none\"><span class=\"NormalTextRun  BCX2 SCXW128050504\">Assembl\u00e9<\/span><\/span><span class=\"TextRun  BCX2 SCXW128050504\" lang=\"FR-FR\" xml:lang=\"FR-FR\" data-contrast=\"auto\"> <span class=\"NormalTextRun  BCX2 SCXW128050504\">G\u00e9n\u00e9rale<\/span><span class=\"NormalTextRun  BCX2 SCXW128050504\"> sur la Question de Palestine<\/span><span class=\"NormalTextRun  BCX2 SCXW128050504\">, veuillez cliquer <\/span><\/span><a href=\"https:\/\/www.un.org\/fr\/ga\/documents\/voting.asp\"><span class=\"TextRun  BCX2 SCXW128050504\" lang=\"FR-FR\" xml:lang=\"FR-FR\" data-contrast=\"none\"><span class=\"NormalTextRun  BCX2 SCXW128050504\">ici<\/span><\/span><\/a><span class=\"TextRun  BCX2 SCXW128050504\" lang=\"FR-FR\" xml:lang=\"FR-FR\" data-contrast=\"auto\"><span class=\"NormalTextRun  BCX2 SCXW128050504\"> pour rechercher<\/span><\/span>.<\/p>\n<\/div><\/div><\/div><\/div><\/div>\n","protected":false},"excerpt":{"rendered":"","protected":false},"author":3,"featured_media":0,"parent":5166,"menu_order":0,"comment_status":"closed","ping_status":"closed","template":"","meta":{"footnotes":""},"class_list":["post-3060","page","type-page","status-publish","hentry"],"_links":{"self":[{"href":"https:\/\/www.un.org\/unispal\/fr\/wp-json\/wp\/v2\/pages\/3060","targetHints":{"allow":["GET"]}}],"collection":[{"href":"https:\/\/www.un.org\/unispal\/fr\/wp-json\/wp\/v2\/pages"}],"about":[{"href":"https:\/\/www.un.org\/unispal\/fr\/wp-json\/wp\/v2\/types\/page"}],"author":[{"embeddable":true,"href":"https:\/\/www.un.org\/unispal\/fr\/wp-json\/wp\/v2\/users\/3"}],"replies":[{"embeddable":true,"href":"https:\/\/www.un.org\/unispal\/fr\/wp-json\/wp\/v2\/comments?post=3060"}],"version-history":[{"count":0,"href":"https:\/\/www.un.org\/unispal\/fr\/wp-json\/wp\/v2\/pages\/3060\/revisions"}],"up":[{"embeddable":true,"href":"https:\/\/www.un.org\/unispal\/fr\/wp-json\/wp\/v2\/pages\/5166"}],"wp:attachment":[{"href":"https:\/\/www.un.org\/unispal\/fr\/wp-json\/wp\/v2\/media?parent=3060"}],"curies":[{"name":"wp","href":"https:\/\/api.w.org\/{rel}","templated":true}]}}

Assemblée générale

<div class="fusion-fullwidth fullwidth-box fusion-builder-row-1 fusion-flex-container hundred-percent-fullwidth non-hundred-percent-height-scrolling" style="--awb-border-radius-top-left:0px;--awb-border-radius-top-right:0px;--awb-border-radius-bottom-right:0px;--awb-border-radius-bottom-left:0px;--awb-overflow:visible;--awb-flex-wrap:wrap;" ><div class="fusion-builder-row fusion-row fusion-flex-align-items-flex-start fusion-flex-content-wrap" style="width:calc( 100% + 0px ) !important;max-width:calc( 100% + 0px ) !important;margin-left: calc(-0px / 2 );margin-right: calc(-0px / 2 );"><div class="fusion-layout-column fusion_builder_column fusion-builder-column-0 fusion_builder_column_1_1 1_1 fusion-flex-column fusion-flex-align-self-flex-start fusion-column-no-min-height" style="--awb-bg-size:cover;--awb-width-large:100%;--awb-margin-top-large:0px;--awb-spacing-right-large:0px;--awb-margin-bottom-large:0px;--awb-spacing-left-large:0px;--awb-width-medium:100%;--awb-spacing-right-medium:0px;--awb-spacing-left-medium:0px;--awb-width-small:100%;--awb-spacing-right-small:0px;--awb-spacing-left-small:0px;"><div class="fusion-column-wrapper fusion-flex-justify-content-flex-start fusion-content-layout-column"><div class="fusion-text fusion-text-1"><h2>La question de Palestine et l&rsquo;Assemblée générale</h2>
<div id="attachment_5367" style="width: 310px" class="wp-caption alignright"><img decoding="async" aria-describedby="caption-attachment-5367" class="wp-image-5367 size-medium" src="https://www.un.org/unispal/wp-content/uploads/2016/05/27812-300x195.jpg" alt="Empty GA Hall" width="300" height="195" /><p id="caption-attachment-5367" class="wp-caption-text">Salle de l&rsquo;Assemblée générale. Photo ONU/Sophia Paris</p></div>
<p>Principal organe délibérant de l&rsquo;ONU, l&rsquo;Assemblée générale se compose de représentants de tous les États Membres. Elle a été saisie de la question de Palestine pour la première fois en 1947. Par sa <a href="https://www.un.org/unispal/wp-content/uploads/2016/04/ARES181II.pdf">résolution 181 (II)</a>, l&rsquo;Assemblée a décidé de partager la Palestine en deux États, un État arabe et un État juif, et de placer Jérusalem sous un régime international spécial. Après la guerre de 1948, elle a adopté sa <a href="https://www.un.org/unispal/wp-content/uploads/2016/06/ARES194III.pdf">résolution 194 (III)</a> de 1949 portant création de la Commission de conciliation des Nations Unies pour la Palestine afin d&rsquo;aider les parties à parvenir à un règlement définitif, et réaffirmé le droit des réfugiés palestiniens de rentrer dans leur foyer et de recouvrer leurs biens. La même année, l&rsquo;Assemblée a créé l&rsquo;Office de secours et de travaux des Nations Unies pour les réfugiés de Palestine dans le Proche-Orient (UNRWA), organisme chargé de la question des réfugiés palestiniens.</p>
<p>En 1974, la question de Palestine a été réinscrite à l&rsquo;ordre du jour de l&rsquo;Assemblée générale qui, dans sa <a href="https://undocs.org/fr/A/RES/3236%20(XXIX)">résolution 3236 (XXIX)</a>, a réaffirmé le droit inaliénable du peuple palestinien à l&rsquo;autodétermination, à l&rsquo;indépendance et à la souveraineté nationales, ainsi que le droit des Palestiniens de retourner dans leurs foyers et vers leurs biens. En 1975, l’Assemblée a créé le Comité pour l’exercice des droits inaliénables du peuple palestinien. La question de Palestine et les sujets connexes ont fait l&rsquo;objet de maintes résolutions et décisions adoptées par l&rsquo;Assemblée à ses sessions ordinaires, à ses sessions extraordinaires, et à ses sessions extraordinaires d&rsquo;urgence.</p>
<p>Le 29 novembre 2012, l&rsquo;Assemblée générale a <a href="https://undocs.org/fr/A/RES/67/19">octroyé</a> à la Palestine le statut d&rsquo;État non membre observateur auprès de l&rsquo;Organisation des Nations Unies. Sont notamment inscrites à l&rsquo;ordre du jour de l&rsquo;Assemblée et de ses organes subsidiaires, tels que le <a href="https://www.ohchr.org/FR/HRBodies/HRC/Pages/Home.aspx">Conseil des droits de l&rsquo;homme</a>, les questions du droit des Palestiniens à l&rsquo;autodétermination, de leur souveraineté sur les ressources naturelles, de l&rsquo;assistance, des réfugiés, des déplacés, de l&rsquo;UNRWA, des droits de l&rsquo;homme, des implantations israéliennes, du règlement pacifique de la question de Palestine, et de Jérusalem.</p>
</div></div></div><div class="fusion-layout-column fusion_builder_column fusion-builder-column-1 fusion_builder_column_1_1 1_1 fusion-flex-column fusion-flex-align-self-flex-start fusion-column-no-min-height" style="--awb-bg-size:cover;--awb-width-large:100%;--awb-margin-top-large:0px;--awb-spacing-right-large:0px;--awb-margin-bottom-large:0px;--awb-spacing-left-large:0px;--awb-width-medium:100%;--awb-spacing-right-medium:0px;--awb-spacing-left-medium:0px;--awb-width-small:100%;--awb-spacing-right-small:0px;--awb-spacing-left-small:0px;"><div class="fusion-column-wrapper fusion-flex-justify-content-flex-start fusion-content-layout-column"><div class="fusion-text fusion-text-2"><!- Vue introuvable ->
<p><span class="TextRun  BCX2 SCXW128050504" lang="FR-FR" xml:lang="FR-FR" data-contrast="auto"><span class="NormalTextRun  BCX2 SCXW128050504">Pour obtenir les registres de vote des résolutions de l’</span></span><span class="TextRun  BCX2 SCXW128050504" lang="FR-FR" xml:lang="FR-FR" data-contrast="none"><span class="NormalTextRun  BCX2 SCXW128050504">Assemblé</span></span><span class="TextRun  BCX2 SCXW128050504" lang="FR-FR" xml:lang="FR-FR" data-contrast="auto"> <span class="NormalTextRun  BCX2 SCXW128050504">Générale</span><span class="NormalTextRun  BCX2 SCXW128050504"> sur la Question de Palestine</span><span class="NormalTextRun  BCX2 SCXW128050504">, veuillez cliquer </span></span><a href="https://www.un.org/fr/ga/documents/voting.asp"><span class="TextRun  BCX2 SCXW128050504" lang="FR-FR" xml:lang="FR-FR" data-contrast="none"><span class="NormalTextRun  BCX2 SCXW128050504">ici</span></span></a><span class="TextRun  BCX2 SCXW128050504" lang="FR-FR" xml:lang="FR-FR" data-contrast="auto"><span class="NormalTextRun  BCX2 SCXW128050504"> pour rechercher</span></span>.</p>
</div></div></div></div></div>
