  {"id":834,"date":"2017-02-18T16:23:52","date_gmt":"2017-02-18T16:23:52","guid":{"rendered":"https:\/\/www.dev.un.org\/humansecurity\/?page_id=834"},"modified":"2017-11-14T19:48:03","modified_gmt":"2017-11-14T19:48:03","slug":"migration","status":"publish","type":"page","link":"https:\/\/www.un.org\/humansecurity\/fr\/migration\/","title":{"rendered":"Migration"},"content":{"rendered":"<div class=\"fusion-fullwidth fullwidth-box fusion-builder-row-1 nonhundred-percent-fullwidth non-hundred-percent-height-scrolling\" style=\"--awb-border-radius-top-left:0px;--awb-border-radius-top-right:0px;--awb-border-radius-bottom-right:0px;--awb-border-radius-bottom-left:0px;--awb-padding-top:20px;--awb-padding-bottom:20px;--awb-flex-wrap:wrap;\" ><div class=\"fusion-builder-row fusion-row\"><div class=\"fusion-layout-column fusion_builder_column fusion-builder-column-0 fusion_builder_column_3_5 3_5 fusion-three-fifth fusion-column-first\" style=\"--awb-bg-size:cover;width:60%;width:calc(60% - ( ( 4% ) * 0.6 ) );margin-right: 4%;\"><div class=\"fusion-column-wrapper fusion-flex-column-wrapper-legacy\"><div class=\"fusion-sep-clear\"><\/div><div class=\"fusion-separator fusion-full-width-sep\" style=\"margin-left: auto;margin-right: auto;margin-top:-31px;width:100%;\"><\/div><div class=\"fusion-sep-clear\"><\/div><div class=\"fusion-text fusion-text-1\"><h2>MIGRATION<\/h2>\n<p>Nous vivons dans un monde en mouvement. Aujourd&#8217;hui, environ 244 millions de personnes vivent hors de leur pays d\u2019origine. Certains ont migr\u00e9 en qu\u00eate d&#8217;un avenir meilleur, d&#8217;autres fuient les crises impos\u00e9es par un conflit ou une catas-trophe ou l&#8217;extr\u00eame mis\u00e8re. Pour la plupart d&#8217;entre eux, quitter un pays pour un autre est un processus complexe qui pr\u00e9-sente des risques importants et les expose \u00e0 des situations d&#8217;ins\u00e9curit\u00e9. La migration en soi n&#8217;est pas un ph\u00e9nom\u00e8ne nou-veau, mais l&#8217;ampleur m\u00eame des migrations forc\u00e9es et irr\u00e9guli\u00e8res au cours des derni\u00e8res ann\u00e9es a mis l&#8217;accent sur le fait que la coop\u00e9ration internationale devait \u00eatre renforc\u00e9e afin de s&#8217;attaquer plus efficacement aux causes profondes des d\u00e9-placements et faire en sorte que les migrations se d\u00e9roulent en toute r\u00e9gularit\u00e9, dans la s\u00e9curit\u00e9 et en bon ordre.<\/p>\n<h3><span style=\"font-weight: 400\">S&#8217;ATTAQUER AUX CAUSES PROFONDES DES MIGRATIONS FORC\u00c9ES ET IRR\u00c9GULI\u00c8RES<\/span><\/h3>\n<p>Sachant que de multiples facteurs (comme les conflits, les catastrophes ou la mis\u00e8re) peuvent \u00eatre \u00e0 l&#8217;origine de flux mi-gratoires, la s\u00e9curit\u00e9 humaine a pour objectif de s\u2019attaquer \u00e0 ces conditions de mani\u00e8re proactive et globale avant qu&#8217;elles atteignent un seuil critique et entra\u00eenent des d\u00e9placements massifs de population. Le fait m\u00eame de mettre l&#8217;accent sur la s\u00e9curit\u00e9 humaine appelle l&#8217;attention sur l&#8217;importance des dispositifs d\u2019alerte pr\u00e9coce et d\u2019action rapide et insiste sur un d\u00e9veloppement durable et inclusif propre \u00e0 cr\u00e9er les conditions dans lesquelles les personnes migrent par choix et non plus par n\u00e9cessit\u00e9.<\/p>\n<h3><span style=\"font-weight: 400\">PROT\u00c9GER ET AUTONOMISER LES R\u00c9FUGI\u00c9S, LES MIGRANTS ET LES COMMUNAUT\u00c9S D&#8217;ACCUEIL<\/span><\/h3>\n<p>Comme les d\u00e9placements massifs de r\u00e9fugi\u00e9s et de migrants ont des r\u00e9percussions dans les pays-m\u00eames et entre les pays, il est n\u00e9cessaire que l&#8217;action men\u00e9e tienne compte des difficult\u00e9s sociales, politiques, \u00e9conomiques et environnementales auxquelles font face les personnes en situation de d\u00e9placement mais \u00e9galement les communaut\u00e9s qui les accueillent. En associant des strat\u00e9gies institutionnelles \u00e0 des solutions de proximit\u00e9, la s\u00e9curit\u00e9 humaine appelle l&#8217;attention sur les la-cunes dans la gestion des migrations et cherche \u00e0 renforcer les m\u00e9canismes qui ont des retomb\u00e9es positives sur toutes les parties concern\u00e9es. Elle favorise les mesures multisectorielles qui s&#8217;attaquent \u00e0 toutes les situations auxquelles font face les r\u00e9fugi\u00e9s, les migrants et les communaut\u00e9s qui les accueillent et met l&#8217;accent sur la consolidation de la coh\u00e9sion so-ciale, la promotion de l&#8217;innovation et le renforcement de la r\u00e9silience afin de parvenir \u00e0 des conditions plus dignes et \u00e0 un respect mutuel.<\/p>\n<h3><span style=\"font-weight: 400\">APPLIQUER LE CONCEPT DE S\u00c9CURIT\u00c9 HUMAINE \u00c0 LA QUESTION DES D\u00c9PLACEMENTS ET DES MIGRATIONS<\/span><\/h3>\n<p>Le Fonds d&#8217;affectation sp\u00e9ciale des Nations Unies pour la s\u00e9curit\u00e9 humaine a une solide exp\u00e9rience dans la prise en compte des difficult\u00e9s rencontr\u00e9es par les r\u00e9fugi\u00e9s, les migrants et les communaut\u00e9s d&#8217;accueil. Il a mis en place avec suc-c\u00e8s plusieurs programmes, notamment : une aide multipartite aux r\u00e9fugi\u00e9s et aux communaut\u00e9s d&#8217;accueil au Gabon, au Liban et au Lib\u00e9ria; des activit\u00e9s de r\u00e9int\u00e9gration de personnes d\u00e9plac\u00e9es et de rapatri\u00e9s en Ouganda, en Colombie, en \u00c9gypte, au Sri Lanka et en Somalie; une assistance \u00e0 des migrants temporaires au Costa Rica, au Panama et en Tha\u00eflande; une initiative visant \u00e0 rem\u00e9dier \u00e0 la situation des apatrides en R\u00e9publique dominicaine; des mesures permettant que le transit de migrants s\u2019effectue sans danger et de mani\u00e8re ordonn\u00e9e au Mexique; et une action de protection des victimes de la traite des \u00eatres humains en Indon\u00e9sie et en R\u00e9publique de Moldova.<\/p>\n<p>\u00a0<\/p>\n<\/div><div class=\"fusion-sep-clear\"><\/div><div class=\"fusion-separator fusion-full-width-sep\" style=\"margin-left: auto;margin-right: auto;width:100%;\"><\/div><div class=\"fusion-sep-clear\"><\/div><div class=\"fusion-text fusion-text-2\"><h3>RESOURCES<\/h3>\n<p><span style=\"font-weight: 400\">UNTFHS and Implementation of the New York Declaration for Refugees and Migrants<\/span><\/p>\n<p><span style=\"font-weight: 400\">Migration and Human Security brief<\/span><\/p>\n<p><span style=\"font-weight: 400\">New York Declaration for Refugees and Migrants<\/span><\/p>\n<\/div><div class=\"fusion-clearfix\"><\/div><\/div><\/div><div class=\"fusion-layout-column fusion_builder_column fusion-builder-column-1 fusion_builder_column_2_5 2_5 fusion-two-fifth fusion-column-last\" style=\"--awb-padding-top:8px;--awb-padding-right:8px;--awb-padding-left:8px;--awb-bg-size:cover;--awb-border-color:#000000;--awb-border-top:4px;--awb-border-right:4px;--awb-border-bottom:4px;--awb-border-left:4px;--awb-border-style:solid;width:40%;width:calc(40% - ( ( 4% ) * 0.4 ) );\"><div class=\"fusion-column-wrapper fusion-flex-column-wrapper-legacy\"><div class=\"fusion-sep-clear\"><\/div><div class=\"fusion-separator fusion-full-width-sep\" style=\"margin-left: auto;margin-right: auto;margin-top:-31px;margin-bottom:28px;width:100%;\"><\/div><div class=\"fusion-sep-clear\"><\/div><div class=\"fusion-text fusion-text-3\"><h3>\u00c0 la une<\/h3>\n<h4><strong>Programme conjoint visant \u00e0 am\u00e9liorer la s\u00e9curit\u00e9 humaine des Ng\u00f6be et des Bugl\u00e9<\/strong><i><span style=\"font-weight: 400\">\u00a0<\/span><\/i><\/h4>\n<h5>\u00a0<\/h5>\n<\/div><div class=\"fusion-sep-clear\"><\/div><div class=\"fusion-separator fusion-full-width-sep\" style=\"margin-left: auto;margin-right: auto;margin-top:-38px;width:100%;\"><\/div><div class=\"fusion-sep-clear\"><\/div><div class=\"fusion-image-element fusion-image-align-center in-legacy-container\" style=\"text-align:center;--awb-caption-title-font-family:var(--h2_typography-font-family);--awb-caption-title-font-weight:var(--h2_typography-font-weight);--awb-caption-title-font-style:var(--h2_typography-font-style);--awb-caption-title-size:var(--h2_typography-font-size);--awb-caption-title-transform:var(--h2_typography-text-transform);--awb-caption-title-line-height:var(--h2_typography-line-height);--awb-caption-title-letter-spacing:var(--h2_typography-letter-spacing);\"><div class=\"imageframe-align-center\"><span class=\" fusion-imageframe imageframe-none imageframe-1 hover-type-none\"><img decoding=\"async\" width=\"450\" height=\"300\" alt=\"A young woman in a blue dress stands in a coffee plantation with her infant child who is dressed in a grey shirt. There is a large tree behind them. \" title=\"migration_highlight_photo\" src=\"https:\/\/www.un.org\/humansecurity\/wp-content\/uploads\/2017\/02\/migration_highlight_photo.jpg\" class=\"img-responsive wp-image-3814\" srcset=\"https:\/\/www.un.org\/humansecurity\/fr\/wp-content\/uploads\/sites\/4\/2017\/02\/migration_highlight_photo-300x200.jpg 300w, https:\/\/www.un.org\/humansecurity\/fr\/wp-content\/uploads\/sites\/4\/2017\/02\/migration_highlight_photo.jpg 450w\" sizes=\"(max-width: 450px) 100vw, 450px\" \/><\/span><\/div><\/div><div class=\"fusion-sep-clear\"><\/div><div class=\"fusion-separator fusion-full-width-sep\" style=\"margin-left: auto;margin-right: auto;margin-top:-17px;width:100%;\"><\/div><div class=\"fusion-sep-clear\"><\/div><div class=\"fusion-text fusion-text-4\"><h6><span style=\"font-weight: 400\"> Elida et son fils Pablo, n\u00e9 dans une plantation de caf\u00e9 isol\u00e9e du Costa Rica. Photo UNHCR\/M. Rodriguez-Farrelly<\/span><\/h6>\n<\/div><div class=\"fusion-sep-clear\"><\/div><div class=\"fusion-separator fusion-full-width-sep\" style=\"margin-left: auto;margin-right: auto;width:100%;\"><\/div><div class=\"fusion-sep-clear\"><\/div><div class=\"fusion-text fusion-text-5\"><p>Les populations autochtones ng\u00f6be et bugl\u00e9 de l\u2019ouest du Panama doivent faire face \u00e0 un ensemble complexe de probl\u00e8mes\u00a0: pauvret\u00e9 g\u00e9n\u00e9ralis\u00e9e, manque de perspectives \u00e9conomiques, acc\u00e8s insuffisant aux services de base et \u00e9pisodes sporadiques d\u2019inondations et de s\u00e9cheresses. Mobiles et \u00e0 la recherche d\u2019emplois saisonniers, elles se d\u00e9placent souvent entre le Panama et le Costa Rica, sans papiers et sans protection. Pour qu\u2019elles soient moins vuln\u00e9rables et plus r\u00e9silientes, le programme du Fonds d\u2019affectation sp\u00e9ciale des Nations Unies pour la s\u00e9curit\u00e9 humaine, en partenariat avec les autorit\u00e9s locales et nationales, a mis au point une strat\u00e9gie transfronti\u00e8re efficace visant \u00e0 lutter contre les causes profondes de la migration en partance du Panama tout en fournissant des services de base le long de la route migratoire et en am\u00e9liorant la protection des travailleurs temporaires au Costa Rica.<\/p>\n<\/div><div class=\"fusion-clearfix\"><\/div><\/div><\/div><\/div><\/div>\n","protected":false},"excerpt":{"rendered":"","protected":false},"author":2,"featured_media":0,"parent":0,"menu_order":0,"comment_status":"closed","ping_status":"closed","template":"","meta":{"footnotes":""},"class_list":["post-834","page","type-page","status-publish","hentry"],"_links":{"self":[{"href":"https:\/\/www.un.org\/humansecurity\/fr\/wp-json\/wp\/v2\/pages\/834","targetHints":{"allow":["GET"]}}],"collection":[{"href":"https:\/\/www.un.org\/humansecurity\/fr\/wp-json\/wp\/v2\/pages"}],"about":[{"href":"https:\/\/www.un.org\/humansecurity\/fr\/wp-json\/wp\/v2\/types\/page"}],"author":[{"embeddable":true,"href":"https:\/\/www.un.org\/humansecurity\/fr\/wp-json\/wp\/v2\/users\/2"}],"replies":[{"embeddable":true,"href":"https:\/\/www.un.org\/humansecurity\/fr\/wp-json\/wp\/v2\/comments?post=834"}],"version-history":[{"count":0,"href":"https:\/\/www.un.org\/humansecurity\/fr\/wp-json\/wp\/v2\/pages\/834\/revisions"}],"wp:attachment":[{"href":"https:\/\/www.un.org\/humansecurity\/fr\/wp-json\/wp\/v2\/media?parent=834"}],"curies":[{"name":"wp","href":"https:\/\/api.w.org\/{rel}","templated":true}]}}

<div class="fusion-fullwidth fullwidth-box fusion-builder-row-1 nonhundred-percent-fullwidth non-hundred-percent-height-scrolling" style="--awb-border-radius-top-left:0px;--awb-border-radius-top-right:0px;--awb-border-radius-bottom-right:0px;--awb-border-radius-bottom-left:0px;--awb-padding-top:20px;--awb-padding-bottom:20px;--awb-flex-wrap:wrap;" ><div class="fusion-builder-row fusion-row"><div class="fusion-layout-column fusion_builder_column fusion-builder-column-0 fusion_builder_column_3_5 3_5 fusion-three-fifth fusion-column-first" style="--awb-bg-size:cover;width:60%;width:calc(60% - ( ( 4% ) * 0.6 ) );margin-right: 4%;"><div class="fusion-column-wrapper fusion-flex-column-wrapper-legacy"><div class="fusion-sep-clear"></div><div class="fusion-separator fusion-full-width-sep" style="margin-left: auto;margin-right: auto;margin-top:-31px;width:100%;"></div><div class="fusion-sep-clear"></div><div class="fusion-text fusion-text-1"><h2>MIGRATION</h2>
<p>Nous vivons dans un monde en mouvement. Aujourd&#8217;hui, environ 244 millions de personnes vivent hors de leur pays d’origine. Certains ont migré en quête d&#8217;un avenir meilleur, d&#8217;autres fuient les crises imposées par un conflit ou une catas-trophe ou l&#8217;extrême misère. Pour la plupart d&#8217;entre eux, quitter un pays pour un autre est un processus complexe qui pré-sente des risques importants et les expose à des situations d&#8217;insécurité. La migration en soi n&#8217;est pas un phénomène nou-veau, mais l&#8217;ampleur même des migrations forcées et irrégulières au cours des dernières années a mis l&#8217;accent sur le fait que la coopération internationale devait être renforcée afin de s&#8217;attaquer plus efficacement aux causes profondes des dé-placements et faire en sorte que les migrations se déroulent en toute régularité, dans la sécurité et en bon ordre.</p>
<h3><span style="font-weight: 400">S&#8217;ATTAQUER AUX CAUSES PROFONDES DES MIGRATIONS FORCÉES ET IRRÉGULIÈRES</span></h3>
<p>Sachant que de multiples facteurs (comme les conflits, les catastrophes ou la misère) peuvent être à l&#8217;origine de flux mi-gratoires, la sécurité humaine a pour objectif de s’attaquer à ces conditions de manière proactive et globale avant qu&#8217;elles atteignent un seuil critique et entraînent des déplacements massifs de population. Le fait même de mettre l&#8217;accent sur la sécurité humaine appelle l&#8217;attention sur l&#8217;importance des dispositifs d’alerte précoce et d’action rapide et insiste sur un développement durable et inclusif propre à créer les conditions dans lesquelles les personnes migrent par choix et non plus par nécessité.</p>
<h3><span style="font-weight: 400">PROTÉGER ET AUTONOMISER LES RÉFUGIÉS, LES MIGRANTS ET LES COMMUNAUTÉS D&#8217;ACCUEIL</span></h3>
<p>Comme les déplacements massifs de réfugiés et de migrants ont des répercussions dans les pays-mêmes et entre les pays, il est nécessaire que l&#8217;action menée tienne compte des difficultés sociales, politiques, économiques et environnementales auxquelles font face les personnes en situation de déplacement mais également les communautés qui les accueillent. En associant des stratégies institutionnelles à des solutions de proximité, la sécurité humaine appelle l&#8217;attention sur les la-cunes dans la gestion des migrations et cherche à renforcer les mécanismes qui ont des retombées positives sur toutes les parties concernées. Elle favorise les mesures multisectorielles qui s&#8217;attaquent à toutes les situations auxquelles font face les réfugiés, les migrants et les communautés qui les accueillent et met l&#8217;accent sur la consolidation de la cohésion so-ciale, la promotion de l&#8217;innovation et le renforcement de la résilience afin de parvenir à des conditions plus dignes et à un respect mutuel.</p>
<h3><span style="font-weight: 400">APPLIQUER LE CONCEPT DE SÉCURITÉ HUMAINE À LA QUESTION DES DÉPLACEMENTS ET DES MIGRATIONS</span></h3>
<p>Le Fonds d&#8217;affectation spéciale des Nations Unies pour la sécurité humaine a une solide expérience dans la prise en compte des difficultés rencontrées par les réfugiés, les migrants et les communautés d&#8217;accueil. Il a mis en place avec suc-cès plusieurs programmes, notamment : une aide multipartite aux réfugiés et aux communautés d&#8217;accueil au Gabon, au Liban et au Libéria; des activités de réintégration de personnes déplacées et de rapatriés en Ouganda, en Colombie, en Égypte, au Sri Lanka et en Somalie; une assistance à des migrants temporaires au Costa Rica, au Panama et en Thaïlande; une initiative visant à remédier à la situation des apatrides en République dominicaine; des mesures permettant que le transit de migrants s’effectue sans danger et de manière ordonnée au Mexique; et une action de protection des victimes de la traite des êtres humains en Indonésie et en République de Moldova.</p>
<p> </p>
</div><div class="fusion-sep-clear"></div><div class="fusion-separator fusion-full-width-sep" style="margin-left: auto;margin-right: auto;width:100%;"></div><div class="fusion-sep-clear"></div><div class="fusion-text fusion-text-2"><h3>RESOURCES</h3>
<p><span style="font-weight: 400">UNTFHS and Implementation of the New York Declaration for Refugees and Migrants</span></p>
<p><span style="font-weight: 400">Migration and Human Security brief</span></p>
<p><span style="font-weight: 400">New York Declaration for Refugees and Migrants</span></p>
</div><div class="fusion-clearfix"></div></div></div><div class="fusion-layout-column fusion_builder_column fusion-builder-column-1 fusion_builder_column_2_5 2_5 fusion-two-fifth fusion-column-last" style="--awb-padding-top:8px;--awb-padding-right:8px;--awb-padding-left:8px;--awb-bg-size:cover;--awb-border-color:#000000;--awb-border-top:4px;--awb-border-right:4px;--awb-border-bottom:4px;--awb-border-left:4px;--awb-border-style:solid;width:40%;width:calc(40% - ( ( 4% ) * 0.4 ) );"><div class="fusion-column-wrapper fusion-flex-column-wrapper-legacy"><div class="fusion-sep-clear"></div><div class="fusion-separator fusion-full-width-sep" style="margin-left: auto;margin-right: auto;margin-top:-31px;margin-bottom:28px;width:100%;"></div><div class="fusion-sep-clear"></div><div class="fusion-text fusion-text-3"><h3>À la une</h3>
<h4><strong>Programme conjoint visant à améliorer la sécurité humaine des Ngöbe et des Buglé</strong><i><span style="font-weight: 400"> </span></i></h4>
<h5> </h5>
</div><div class="fusion-sep-clear"></div><div class="fusion-separator fusion-full-width-sep" style="margin-left: auto;margin-right: auto;margin-top:-38px;width:100%;"></div><div class="fusion-sep-clear"></div><div class="fusion-image-element fusion-image-align-center in-legacy-container" style="text-align:center;--awb-caption-title-font-family:var(--h2_typography-font-family);--awb-caption-title-font-weight:var(--h2_typography-font-weight);--awb-caption-title-font-style:var(--h2_typography-font-style);--awb-caption-title-size:var(--h2_typography-font-size);--awb-caption-title-transform:var(--h2_typography-text-transform);--awb-caption-title-line-height:var(--h2_typography-line-height);--awb-caption-title-letter-spacing:var(--h2_typography-letter-spacing);"><div class="imageframe-align-center"><span class=" fusion-imageframe imageframe-none imageframe-1 hover-type-none"><img decoding="async" width="450" height="300" alt="A young woman in a blue dress stands in a coffee plantation with her infant child who is dressed in a grey shirt. There is a large tree behind them. " title="migration_highlight_photo" src="https://www.un.org/humansecurity/wp-content/uploads/2017/02/migration_highlight_photo.jpg" class="img-responsive wp-image-3814" srcset="https://www.un.org/humansecurity/fr/wp-content/uploads/sites/4/2017/02/migration_highlight_photo-300x200.jpg 300w, https://www.un.org/humansecurity/fr/wp-content/uploads/sites/4/2017/02/migration_highlight_photo.jpg 450w" sizes="(max-width: 450px) 100vw, 450px" /></span></div></div><div class="fusion-sep-clear"></div><div class="fusion-separator fusion-full-width-sep" style="margin-left: auto;margin-right: auto;margin-top:-17px;width:100%;"></div><div class="fusion-sep-clear"></div><div class="fusion-text fusion-text-4"><h6><span style="font-weight: 400"> Elida et son fils Pablo, né dans une plantation de café isolée du Costa Rica. Photo UNHCR/M. Rodriguez-Farrelly</span></h6>
</div><div class="fusion-sep-clear"></div><div class="fusion-separator fusion-full-width-sep" style="margin-left: auto;margin-right: auto;width:100%;"></div><div class="fusion-sep-clear"></div><div class="fusion-text fusion-text-5"><p>Les populations autochtones ngöbe et buglé de l’ouest du Panama doivent faire face à un ensemble complexe de problèmes : pauvreté généralisée, manque de perspectives économiques, accès insuffisant aux services de base et épisodes sporadiques d’inondations et de sécheresses. Mobiles et à la recherche d’emplois saisonniers, elles se déplacent souvent entre le Panama et le Costa Rica, sans papiers et sans protection. Pour qu’elles soient moins vulnérables et plus résilientes, le programme du Fonds d’affectation spéciale des Nations Unies pour la sécurité humaine, en partenariat avec les autorités locales et nationales, a mis au point une stratégie transfrontière efficace visant à lutter contre les causes profondes de la migration en partance du Panama tout en fournissant des services de base le long de la route migratoire et en améliorant la protection des travailleurs temporaires au Costa Rica.</p>
</div><div class="fusion-clearfix"></div></div></div></div></div>
