  {"id":834,"date":"2017-02-18T16:23:52","date_gmt":"2017-02-18T16:23:52","guid":{"rendered":"https:\/\/www.dev.un.org\/humansecurity\/?page_id=834"},"modified":"2017-11-14T17:40:09","modified_gmt":"2017-11-14T17:40:09","slug":"migration","status":"publish","type":"page","link":"https:\/\/www.un.org\/humansecurity\/es\/migration\/","title":{"rendered":"Migraci\u00f3n"},"content":{"rendered":"<div class=\"fusion-fullwidth fullwidth-box fusion-builder-row-1 nonhundred-percent-fullwidth non-hundred-percent-height-scrolling\" style=\"--awb-border-radius-top-left:0px;--awb-border-radius-top-right:0px;--awb-border-radius-bottom-right:0px;--awb-border-radius-bottom-left:0px;--awb-padding-top:20px;--awb-padding-bottom:20px;--awb-flex-wrap:wrap;\" ><div class=\"fusion-builder-row fusion-row\"><div class=\"fusion-layout-column fusion_builder_column fusion-builder-column-0 fusion_builder_column_3_5 3_5 fusion-three-fifth fusion-column-first\" style=\"--awb-bg-size:cover;width:60%;width:calc(60% - ( ( 4% ) * 0.6 ) );margin-right: 4%;\"><div class=\"fusion-column-wrapper fusion-flex-column-wrapper-legacy\"><div class=\"fusion-sep-clear\"><\/div><div class=\"fusion-separator fusion-full-width-sep\" style=\"margin-left: auto;margin-right: auto;margin-top:-31px;width:100%;\"><\/div><div class=\"fusion-sep-clear\"><\/div><div class=\"fusion-text fusion-text-1\"><h2>MIGRACI\u00d3N<\/h2>\n<p><span style=\"font-weight: 400\">Hoy d\u00eda, vivimos en un mundo en movimiento. Unos 244 millones de personas viven actualmente fuera de su pa\u00eds de origen. Algunos emigraron en busca de mejores oportunidades. Otros escaparon de situaciones de crisis creadas por conflictos o desastres o huyeron de la pobreza extrema. Para muchas personas, abandonar su pa\u00eds y trasladarse a otro es un proceso complejo pre\u00f1ado de riesgos e inseguridad. Si bien la migraci\u00f3n no es un fen\u00f3meno nuevo, la enorme magnitud de la migraci\u00f3n forzada e irregular en los \u00faltimos a\u00f1os ha resaltado la necesidad de intensificar la cooperaci\u00f3n internacional para encarar mejor las causas profundas de los desplazamientos y promover soluciones duraderas en favor de una migraci\u00f3n segura, ordenada y regular.<\/span><\/p>\n<h3><span style=\"font-weight: 400\">ENCARAR LAS CAUSAS PROFUNDAS DE LA MIGRACI\u00d3N FORZADA E IRREGULAR<\/span><\/h3>\n<p><span style=\"font-weight: 400\">El enfoque de la seguridad humana, que reconoce que m\u00faltiples factores \u2013desde los conflictos hasta los desastres y las privaciones\u2013 pueden desencadenar las corrientes migratorias, tiene por objeto encarar esas condiciones de manera proactiva y exhaustiva, antes de que lleguen a la fase de crisis y provoquen el desplazamiento de personas en gran escala. El propio hecho de centrarse en la seguridad humana destaca la importancia de la alerta y la intervenci\u00f3n tempranas y pone de relieve que el desarrollo inclusivo y sostenible crea condiciones en las que la migraci\u00f3n es una opci\u00f3n, no una necesidad.<\/span><\/p>\n<h3><span style=\"font-weight: 400\">PROTEGER Y EMPODERAR A LOS REFUGIADOS, LOS MIGRANTES Y LAS COMUNIDADES DE ACOGIDA<\/span><\/h3>\n<p><span style=\"font-weight: 400\">Los grandes desplazamientos de refugiados y migrantes tienen consecuencias dentro de los pa\u00edses y fuera de ellos y obligan a formular respuestas que tienen en cuentan los problemas sociales, pol\u00edticos, econ\u00f3micos y ambientales que enfrentan quienes se desplazan y las comunidades que los acogen. El enfoque de la seguridad humana, que combina estrategias institucionales con soluciones de base comunitaria, pone de manifiesto las deficiencias en la gesti\u00f3n de la migraci\u00f3n y procura fortalecer los mecanismos que ayudan a obtener resultados productivos para todos. Promueve las respuestas multisectoriales que toman en consideraci\u00f3n la totalidad de las condiciones que afrontan los refugiados, los migrantes y las comunidades de acogida y hace hincapi\u00e9 en fortalecer la armon\u00eda social, promover la innovaci\u00f3n y crear resiliencia para vivir con m\u00e1s dignidad y respeto mutuo.<\/span><\/p>\n<h3><span style=\"font-weight: 400\">ADOPCI\u00d3N DEL ENFOQUE DE LA SEGURIDAD HUMANA CON RESPECTO A LOS DESPLAZAMIENTOS Y LA MIGRACI\u00d3N<\/span><\/h3>\n<p><span style=\"font-weight: 400\">El Fondo Fiduciario de las Naciones Unidas para la Seguridad Humana tiene amplia experiencia en la b\u00fasqueda de soluciones a los problemas que enfrentan los refugiados, los migrantes y las comunidades que los acogen. Algunos de sus programas han ofrecido el apoyo de m\u00faltiples interesados a los refugiados y las comunidades de acogida en el Gab\u00f3n, el L\u00edbano y Liberia; la reintegraci\u00f3n de desplazados internos y repatriados en Uganda, Colombia, Egipto, Sri Lanka y Somalia; la prestaci\u00f3n de asistencia a migrantes temporales en Costa Rica, Panam\u00e1 y Tailandia; las medidas para resolver la situaci\u00f3n de las personas ap\u00e1tridas en la Rep\u00fablica Dominicana; la promoci\u00f3n del tr\u00e1nsito seguro y ordenado de migrantes en M\u00e9xico; y la protecci\u00f3n de v\u00edctimas de la trata de personas en Indonesia y Moldova.<\/span><\/p>\n<\/div><div class=\"fusion-sep-clear\"><\/div><div class=\"fusion-separator fusion-full-width-sep\" style=\"margin-left: auto;margin-right: auto;width:100%;\"><\/div><div class=\"fusion-sep-clear\"><\/div><div class=\"fusion-text fusion-text-2\"><h3>RECURSOS<\/h3>\n<p><span style=\"font-weight: 400\">El Fondo y la implementaci\u00f3n de la Declaraci\u00f3n de Nueva York para los Refugiados y los Migrantes<\/span><\/p>\n<p><span style=\"font-weight: 400\">La migraci\u00f3n y la seguridad humana<\/span><\/p>\n<p><span style=\"font-weight: 400\">La Declaraci\u00f3n de Nueva York para los Refugiados y los Migrantes<\/span><\/p>\n<\/div><div class=\"fusion-clearfix\"><\/div><\/div><\/div><div class=\"fusion-layout-column fusion_builder_column fusion-builder-column-1 fusion_builder_column_2_5 2_5 fusion-two-fifth fusion-column-last\" style=\"--awb-padding-top:8px;--awb-padding-right:8px;--awb-padding-left:8px;--awb-bg-size:cover;--awb-border-color:#000000;--awb-border-top:4px;--awb-border-right:4px;--awb-border-bottom:4px;--awb-border-left:4px;--awb-border-style:solid;width:40%;width:calc(40% - ( ( 4% ) * 0.4 ) );\"><div class=\"fusion-column-wrapper fusion-flex-column-wrapper-legacy\"><div class=\"fusion-sep-clear\"><\/div><div class=\"fusion-separator fusion-full-width-sep\" style=\"margin-left: auto;margin-right: auto;margin-top:-31px;margin-bottom:28px;width:100%;\"><\/div><div class=\"fusion-sep-clear\"><\/div><div class=\"fusion-text fusion-text-3\"><h3>Art\u00edculo destacado<\/h3>\n<h4><b>Programa conjunto para mejorar la seguridad humana de la poblaci\u00f3n m\u00f3vil Ng\u00e4be y Bugl\u00e9 en Costa Rica y en Panam\u00e1<\/b><\/h4>\n<h5><i><span style=\"font-weight: 400\">\u00c1rea tem\u00e1tica: Migraci\u00f3n<\/span><\/i><\/h5>\n<h5><\/h5>\n<\/div><div class=\"fusion-sep-clear\"><\/div><div class=\"fusion-separator fusion-full-width-sep\" style=\"margin-left: auto;margin-right: auto;margin-top:-38px;width:100%;\"><\/div><div class=\"fusion-sep-clear\"><\/div><div class=\"fusion-image-element fusion-image-align-center in-legacy-container\" style=\"text-align:center;--awb-caption-title-font-family:var(--h2_typography-font-family);--awb-caption-title-font-weight:var(--h2_typography-font-weight);--awb-caption-title-font-style:var(--h2_typography-font-style);--awb-caption-title-size:var(--h2_typography-font-size);--awb-caption-title-transform:var(--h2_typography-text-transform);--awb-caption-title-line-height:var(--h2_typography-line-height);--awb-caption-title-letter-spacing:var(--h2_typography-letter-spacing);\"><div class=\"imageframe-align-center\"><span class=\" fusion-imageframe imageframe-none imageframe-1 hover-type-none\"><img decoding=\"async\" alt=\"A young woman in a blue dress stands in a coffee plantation with her infant child who is dressed in a grey shirt. There is a large tree behind them. \" src=\"https:\/\/www.un.org\/humansecurity\/wp-content\/uploads\/2017\/02\/migration_highlight_photo.jpg\" class=\"img-responsive\"\/><\/span><\/div><\/div><div class=\"fusion-sep-clear\"><\/div><div class=\"fusion-separator fusion-full-width-sep\" style=\"margin-left: auto;margin-right: auto;margin-top:-17px;width:100%;\"><\/div><div class=\"fusion-sep-clear\"><\/div><div class=\"fusion-text fusion-text-4\"><h6><span style=\"font-weight: 400\">Elida con su hijo Pablo, que naci\u00f3 en una remota plantaci\u00f3n de caf\u00e9 en Costa Rica. ACNUR\/M. Rodriguez-Farrelly<\/span><\/h6>\n<\/div><div class=\"fusion-sep-clear\"><\/div><div class=\"fusion-separator fusion-full-width-sep\" style=\"margin-left: auto;margin-right: auto;width:100%;\"><\/div><div class=\"fusion-sep-clear\"><\/div><div class=\"fusion-text fusion-text-5\"><p><span style=\"font-weight: 400\">Las poblaciones ind\u00edgenas ng\u00e4be y bugl\u00e9 del oeste de Panam\u00e1 se enfrentan a complejas dificultades, como la pobreza generalizada, la escasez de oportunidades econ\u00f3micas, la falta de acceso a los servicios b\u00e1sicos y las inundaciones y sequ\u00edas intermitentes. Estas poblaciones, que se desplazan con frecuencia y buscan empleo estacional, suelen migrar entre Panam\u00e1 y Costa Rica, sin documentaci\u00f3n ni protecci\u00f3n. A fin de reducir su vulnerabilidad y aumentar su resiliencia, el programa del FFNUSH, en colaboraci\u00f3n con las autoridades locales y nacionales, elabor\u00f3 una estrategia transfronteriza eficaz para abordar las causas subyacentes de la migraci\u00f3n desde Panam\u00e1, proporcionando al mismo tiempo servicios esenciales a lo largo de la ruta migratoria y mejorando la protecci\u00f3n ofrecida a los trabajadores temporeros en Costa Rica.<\/span><\/p>\n<\/div><div class=\"fusion-clearfix\"><\/div><\/div><\/div><\/div><\/div>\n","protected":false},"excerpt":{"rendered":"","protected":false},"author":2,"featured_media":0,"parent":0,"menu_order":0,"comment_status":"closed","ping_status":"closed","template":"","meta":{"footnotes":""},"class_list":["post-834","page","type-page","status-publish","hentry"],"_links":{"self":[{"href":"https:\/\/www.un.org\/humansecurity\/es\/wp-json\/wp\/v2\/pages\/834","targetHints":{"allow":["GET"]}}],"collection":[{"href":"https:\/\/www.un.org\/humansecurity\/es\/wp-json\/wp\/v2\/pages"}],"about":[{"href":"https:\/\/www.un.org\/humansecurity\/es\/wp-json\/wp\/v2\/types\/page"}],"author":[{"embeddable":true,"href":"https:\/\/www.un.org\/humansecurity\/es\/wp-json\/wp\/v2\/users\/2"}],"replies":[{"embeddable":true,"href":"https:\/\/www.un.org\/humansecurity\/es\/wp-json\/wp\/v2\/comments?post=834"}],"version-history":[{"count":0,"href":"https:\/\/www.un.org\/humansecurity\/es\/wp-json\/wp\/v2\/pages\/834\/revisions"}],"wp:attachment":[{"href":"https:\/\/www.un.org\/humansecurity\/es\/wp-json\/wp\/v2\/media?parent=834"}],"curies":[{"name":"wp","href":"https:\/\/api.w.org\/{rel}","templated":true}]}}

Migración

<div class="fusion-fullwidth fullwidth-box fusion-builder-row-1 nonhundred-percent-fullwidth non-hundred-percent-height-scrolling" style="--awb-border-radius-top-left:0px;--awb-border-radius-top-right:0px;--awb-border-radius-bottom-right:0px;--awb-border-radius-bottom-left:0px;--awb-padding-top:20px;--awb-padding-bottom:20px;--awb-flex-wrap:wrap;" ><div class="fusion-builder-row fusion-row"><div class="fusion-layout-column fusion_builder_column fusion-builder-column-0 fusion_builder_column_3_5 3_5 fusion-three-fifth fusion-column-first" style="--awb-bg-size:cover;width:60%;width:calc(60% - ( ( 4% ) * 0.6 ) );margin-right: 4%;"><div class="fusion-column-wrapper fusion-flex-column-wrapper-legacy"><div class="fusion-sep-clear"></div><div class="fusion-separator fusion-full-width-sep" style="margin-left: auto;margin-right: auto;margin-top:-31px;width:100%;"></div><div class="fusion-sep-clear"></div><div class="fusion-text fusion-text-1"><h2>MIGRACIÓN</h2>
<p><span style="font-weight: 400">Hoy día, vivimos en un mundo en movimiento. Unos 244 millones de personas viven actualmente fuera de su país de origen. Algunos emigraron en busca de mejores oportunidades. Otros escaparon de situaciones de crisis creadas por conflictos o desastres o huyeron de la pobreza extrema. Para muchas personas, abandonar su país y trasladarse a otro es un proceso complejo preñado de riesgos e inseguridad. Si bien la migración no es un fenómeno nuevo, la enorme magnitud de la migración forzada e irregular en los últimos años ha resaltado la necesidad de intensificar la cooperación internacional para encarar mejor las causas profundas de los desplazamientos y promover soluciones duraderas en favor de una migración segura, ordenada y regular.</span></p>
<h3><span style="font-weight: 400">ENCARAR LAS CAUSAS PROFUNDAS DE LA MIGRACIÓN FORZADA E IRREGULAR</span></h3>
<p><span style="font-weight: 400">El enfoque de la seguridad humana, que reconoce que múltiples factores –desde los conflictos hasta los desastres y las privaciones– pueden desencadenar las corrientes migratorias, tiene por objeto encarar esas condiciones de manera proactiva y exhaustiva, antes de que lleguen a la fase de crisis y provoquen el desplazamiento de personas en gran escala. El propio hecho de centrarse en la seguridad humana destaca la importancia de la alerta y la intervención tempranas y pone de relieve que el desarrollo inclusivo y sostenible crea condiciones en las que la migración es una opción, no una necesidad.</span></p>
<h3><span style="font-weight: 400">PROTEGER Y EMPODERAR A LOS REFUGIADOS, LOS MIGRANTES Y LAS COMUNIDADES DE ACOGIDA</span></h3>
<p><span style="font-weight: 400">Los grandes desplazamientos de refugiados y migrantes tienen consecuencias dentro de los países y fuera de ellos y obligan a formular respuestas que tienen en cuentan los problemas sociales, políticos, económicos y ambientales que enfrentan quienes se desplazan y las comunidades que los acogen. El enfoque de la seguridad humana, que combina estrategias institucionales con soluciones de base comunitaria, pone de manifiesto las deficiencias en la gestión de la migración y procura fortalecer los mecanismos que ayudan a obtener resultados productivos para todos. Promueve las respuestas multisectoriales que toman en consideración la totalidad de las condiciones que afrontan los refugiados, los migrantes y las comunidades de acogida y hace hincapié en fortalecer la armonía social, promover la innovación y crear resiliencia para vivir con más dignidad y respeto mutuo.</span></p>
<h3><span style="font-weight: 400">ADOPCIÓN DEL ENFOQUE DE LA SEGURIDAD HUMANA CON RESPECTO A LOS DESPLAZAMIENTOS Y LA MIGRACIÓN</span></h3>
<p><span style="font-weight: 400">El Fondo Fiduciario de las Naciones Unidas para la Seguridad Humana tiene amplia experiencia en la búsqueda de soluciones a los problemas que enfrentan los refugiados, los migrantes y las comunidades que los acogen. Algunos de sus programas han ofrecido el apoyo de múltiples interesados a los refugiados y las comunidades de acogida en el Gabón, el Líbano y Liberia; la reintegración de desplazados internos y repatriados en Uganda, Colombia, Egipto, Sri Lanka y Somalia; la prestación de asistencia a migrantes temporales en Costa Rica, Panamá y Tailandia; las medidas para resolver la situación de las personas apátridas en la República Dominicana; la promoción del tránsito seguro y ordenado de migrantes en México; y la protección de víctimas de la trata de personas en Indonesia y Moldova.</span></p>
</div><div class="fusion-sep-clear"></div><div class="fusion-separator fusion-full-width-sep" style="margin-left: auto;margin-right: auto;width:100%;"></div><div class="fusion-sep-clear"></div><div class="fusion-text fusion-text-2"><h3>RECURSOS</h3>
<p><span style="font-weight: 400">El Fondo y la implementación de la Declaración de Nueva York para los Refugiados y los Migrantes</span></p>
<p><span style="font-weight: 400">La migración y la seguridad humana</span></p>
<p><span style="font-weight: 400">La Declaración de Nueva York para los Refugiados y los Migrantes</span></p>
</div><div class="fusion-clearfix"></div></div></div><div class="fusion-layout-column fusion_builder_column fusion-builder-column-1 fusion_builder_column_2_5 2_5 fusion-two-fifth fusion-column-last" style="--awb-padding-top:8px;--awb-padding-right:8px;--awb-padding-left:8px;--awb-bg-size:cover;--awb-border-color:#000000;--awb-border-top:4px;--awb-border-right:4px;--awb-border-bottom:4px;--awb-border-left:4px;--awb-border-style:solid;width:40%;width:calc(40% - ( ( 4% ) * 0.4 ) );"><div class="fusion-column-wrapper fusion-flex-column-wrapper-legacy"><div class="fusion-sep-clear"></div><div class="fusion-separator fusion-full-width-sep" style="margin-left: auto;margin-right: auto;margin-top:-31px;margin-bottom:28px;width:100%;"></div><div class="fusion-sep-clear"></div><div class="fusion-text fusion-text-3"><h3>Artículo destacado</h3>
<h4><b>Programa conjunto para mejorar la seguridad humana de la población móvil Ngäbe y Buglé en Costa Rica y en Panamá</b></h4>
<h5><i><span style="font-weight: 400">Área temática: Migración</span></i></h5>
<h5></h5>
</div><div class="fusion-sep-clear"></div><div class="fusion-separator fusion-full-width-sep" style="margin-left: auto;margin-right: auto;margin-top:-38px;width:100%;"></div><div class="fusion-sep-clear"></div><div class="fusion-image-element fusion-image-align-center in-legacy-container" style="text-align:center;--awb-caption-title-font-family:var(--h2_typography-font-family);--awb-caption-title-font-weight:var(--h2_typography-font-weight);--awb-caption-title-font-style:var(--h2_typography-font-style);--awb-caption-title-size:var(--h2_typography-font-size);--awb-caption-title-transform:var(--h2_typography-text-transform);--awb-caption-title-line-height:var(--h2_typography-line-height);--awb-caption-title-letter-spacing:var(--h2_typography-letter-spacing);"><div class="imageframe-align-center"><span class=" fusion-imageframe imageframe-none imageframe-1 hover-type-none"><img decoding="async" alt="A young woman in a blue dress stands in a coffee plantation with her infant child who is dressed in a grey shirt. There is a large tree behind them. " src="https://www.un.org/humansecurity/wp-content/uploads/2017/02/migration_highlight_photo.jpg" class="img-responsive"/></span></div></div><div class="fusion-sep-clear"></div><div class="fusion-separator fusion-full-width-sep" style="margin-left: auto;margin-right: auto;margin-top:-17px;width:100%;"></div><div class="fusion-sep-clear"></div><div class="fusion-text fusion-text-4"><h6><span style="font-weight: 400">Elida con su hijo Pablo, que nació en una remota plantación de café en Costa Rica. ACNUR/M. Rodriguez-Farrelly</span></h6>
</div><div class="fusion-sep-clear"></div><div class="fusion-separator fusion-full-width-sep" style="margin-left: auto;margin-right: auto;width:100%;"></div><div class="fusion-sep-clear"></div><div class="fusion-text fusion-text-5"><p><span style="font-weight: 400">Las poblaciones indígenas ngäbe y buglé del oeste de Panamá se enfrentan a complejas dificultades, como la pobreza generalizada, la escasez de oportunidades económicas, la falta de acceso a los servicios básicos y las inundaciones y sequías intermitentes. Estas poblaciones, que se desplazan con frecuencia y buscan empleo estacional, suelen migrar entre Panamá y Costa Rica, sin documentación ni protección. A fin de reducir su vulnerabilidad y aumentar su resiliencia, el programa del FFNUSH, en colaboración con las autoridades locales y nacionales, elaboró una estrategia transfronteriza eficaz para abordar las causas subyacentes de la migración desde Panamá, proporcionando al mismo tiempo servicios esenciales a lo largo de la ruta migratoria y mejorando la protección ofrecida a los trabajadores temporeros en Costa Rica.</span></p>
</div><div class="fusion-clearfix"></div></div></div></div></div>
